00?
0
What is the hundred millions digit of 4652534521?
6
What is the millions digit of 140000752?
0
What is the units digit of 1686984122?
2
What is the tens digit of 63359531?
3
What is the hundred millions digit of 249688772?
2
What is the ten millions digit of 473530580?
7
What is the hundreds digit of 21667790?
7
What is the hundred thousands digit of 512762318?
7
What is the thousands digit of 237433952?
3
What is the hundreds digit of 126129277?
2
What is the millions digit of 25096671?
5
What is the units digit of 66658728?
8
What is the hundred thousands digit of 559094739?
0
What is the hundred millions digit of 523930003?
5
What is the tens digit of 1547833963?
6
What is the units digit of 4112313229?
9
What is the millions digit of 23333671?
3
What is the units digit of 8823529?
9
What is the ten millions digit of 277707648?
7
What is the billions digit of 2164762666?
2
What is the hundred millions digit of 922152850?
9
What is the millions digit of 16549957?
6
What is the hundreds digit of 97097567?
5
What is the tens digit of 319166295?
9
What is the billions digit of 4319289998?
4
What is the millions digit of 1792509418?
2
What is the millions digit of 2328937099?
8
What is the hundreds digit of 1854963465?
4
What is the units digit of 238420353?
3
What is the ten millions digit of 2053496306?
5
What is the thousands digit of 957255724?
5
What is the hundreds digit of 797158318?
3
What is the millions digit of 2953359678?
3
What is the hundreds digit of 285110146?
1
What is the hundreds digit of 50196299?
2
What is the hundreds digit of 657661843?
8
What is the units digit of 2171515353?
3
What is the millions digit of 44221459?
4
What is the millions digit of 2979780943?
9
What is the units digit of 1459892688?
8
What is the hundred millions digit of 2935516090?
9
What is the tens digit of 411014552?
5
What is the hundred millions digit of 102867118?
1
What is the hundred millions digit of 226415954?
2
What is the millions digit of 773869794?
3
What is the ten thousands digit of 2585122872?
2
What is the units digit of 1575547897?
7
What is the hundreds digit of 20567982?
9
What is the tens digit of 432230633?
3
What is the units digit of 641748655?
5
What is the millions digit of 978091133?
8
What is the hundred thousands digit of 484686220?
6
What is the units digit of 417468772?
2
What is the hundreds digit of 22197123?
1
What is the ten millions digit of 25194200?
2
What is the thousands digit of 142598549?
8
What is the millions digit of 888681788?
8
What is the hundreds digit of 198682388?
3
What is the ten thousands digit of 174856626?
5
What is the ten millions digit of 199832536?
9
What is the ten thousands digit of 42473002?
7
What is the hundreds digit of 3061477157?
1
What is the thousands digit of 71670221?
0
What is the ten thousands digit of 163532989?
3
What is the hundred thousands digit of 638103984?
1
What is the hundred thousands digit of 419473330?
4
What is the hundreds digit of 49293?
2
What is the ten millions digit of 421930187?
2
What is the ten millions digit of 309397077?
0
What is the tens digit of 1728430295?
9
What is the ten millions digit of 3267616227?
6
What is the thousands digit of 41146142?
6
What is the hundred millions digit of 3596546667?
5
What is the ten millions digit of 47114385?
4
What is the hundred thousands digit of 1919484523?
4
What is the hundred millions digit of 537831770?
5
What is the units digit of 25112533?
3
What is the tens digit of 1908417?
1
What is the billions digit of 5457020538?
5
What is the hundreds digit of 769411062?
0
What is the hundred millions digit of 312975275?
3
What is the hundred thousands digit of 43766629?
7
What is the ten millions digit of 1955590536?
5
What is the ten thousands digit of 186548783?
4
What is the ten millions digit of 115210586?
1
What is the hundred thousands digit of 1095872959?
8
What is the millions digit of 1079308832?
9
What is the hundred millions digit of 570799692?
5
What is the ten thousands digit of 247597308?
9
What is the ten thousands digit of 1581701421?
0
What is the hundred thousands digit of 69159117?
1
What is the ten millions digit of 974453185?
7
What is the hundreds digit of 4526307601?
6
What is the hundred millions digit of 283084193?
2
What is the millions digit of 170741906?
0
What is the millions digit of 1654115949?
4
What is the units digit of 125627205?
5
What is the units digit of 264081551?
1
What is the billions digit of 2982585753?
2
What is the ten thousands digit of 279850814?
5
What is the millions digit of 1046681676?
6
What is the ten thousands digit of 68921208?
2
What is the hundred thousands digit of 80923185?
9
What is the billions digit of 4842664805?
4
What is the millions digit of 130175337?
0
What is the tens digit of 29800043?
4
What is the hundred thousands digit of 325063164?
0
What is the hundred thousands digit of 523524781?
5
What is the thousands digit of 62335579?
5
What is the thousands digit of 1895066416?
6
What is the units digit of 4108401002?
2
What is the hundred millions digit of 4260131869?
2
What is the ten thousands digit of 24915280?
1
What is the hundreds digit of 85635145?
1
What is the hundreds digit of 446750568?
5
What is the tens digit of 365429698?
9
What is the units digit of 1250976388?
8
What is the hundreds digit of 1501241086?
0
What is the tens digit of 62796078?
7
What is the tens digit of 112361889?
8
What is the ten thousands digit of 1850623008?
2
What is the ten millions digit of 149381904?
4
What is the tens digit of 1361211954?
5
What is the ten millions digit of 3855918535?
5
What is the hundred thousands digit of 61955495?
9
What is the thousands digit of 143644451?
4
What is the hundred millions digit of 3832868853?
8
What is the billions digit of 1891782206?
1
What is the hundred thousands digit of 820695025?
6
What is the hundreds digit of 101531976?
9
What is the billions digit of 1850714959?
1
What is the ten millions digit of 53825080?
5
What is the millions digit of 18125281?
8
What is the units digit of 289765361?
1
What is the ten thousands digit of 518863411?
6
What is the thousands digit of 19238771?
8
What is the hundred millions digit of 250149290?
2
What is the hundreds digit of 496641148?
1
What is the hundreds digit of 158590318?
3
What is the millions digit of 178310114?
8
What is the millions digit of 222825288?
2
What is the ten thousands digit of 27280892?
8
What is the tens digit of 194354239?
3
What is the ten millions digit of 594875202?
9
What is the millions digit of 126024459?
6
What is the ten thousands digit of 1431871472?
7
What is the billions digit of 3791650350?
3
What is the hundreds digit of 1706668368?
3
What is the millions digit of 109498323?
9
What is the millions digit of 3115617082?
5
What is the tens digit of 4598125?
2
What is the hundreds digit of 853028167?
1
What is the hundred millions digit of 1226160593?
2
What is the ten millions digit of 503223239?
0
What is the ten millions digit of 1101940405?
0
What is the tens digit of 1781646878?
7
What is the millions digit of 240908571?
0
What is the hundreds digit of 695229923?
9
What is the tens digit of 69113648?
4
What is the ten thousands digit of 10120662?
2
What is the hundred thousands digit of 31424410?
4
What is the ten millions digit of 25035234?
2
What is the ten thousands digit of 31779950?
7
What is the thousands digit of 246361557?
1
What is the thousands digit of 191828300?
8
What is the ten thousands digit of 132872133?
7
What is the ten millions digit of 1755861103?
5
What is the millions digit of 1609696654?
9
What is the hundreds digit of 425706046?
0
What is the millions digit of 700681841?
0
What is the hundred thousands digit of 149795011?
7
What is the ten millions digit of 159102201?
5
What is the hundreds digit of 7595244393?
3
What is the ten millions digit of 113600306?
1
What is the millions digit of 1332113715?
2
What is the units digit of 2244008164?
4
What is the thousands digit of 932882093?
2
What is the tens digit of 757328219?
1
What is the hundred thousands digit of 1604878469?
8
What is the thousands digit of 7572090785?
0
What is the ten thousands digit of 373864602?
6
What is the hundred thousands digit of 20